{"id":15,"date":"2021-04-10T13:19:11","date_gmt":"2021-04-10T11:19:11","guid":{"rendered":"https:\/\/www.genetik-praxis.de\/wordpress\/?page_id=15"},"modified":"2024-11-04T21:31:12","modified_gmt":"2024-11-04T20:31:12","slug":"startseite","status":"publish","type":"page","link":"https:\/\/www.genetik-praxis.de\/","title":{"rendered":"Startseite"},"content":{"rendered":"<div class=\"wpb-content-wrapper\"><p>[vc_row full_width=&#8220;stretch_row_content_no_spaces&#8220; parallax=&#8220;content-moving&#8220; parallax_image=&#8220;99&#8243; parallax_speed_bg=&#8220;2.5&#8243; css=&#8220;.vc_custom_1619772322524{padding-top: 150px !important;padding-bottom: 150px !important;background-position: center;background-repeat: no-repeat !important;background-size: contain !important;}&#8220;][vc_column][\/vc_column][\/vc_row][vc_row el_id=&#8220;praxis&#8220;][vc_column][vc_column_text css=&#8220;&#8220;]<\/p>\n<h1 class=\"p1\" style=\"text-align: center;\">Unsere \u00c4rztinnen in Leipzig und Zwickau<\/h1>\n<p>[\/vc_column_text][vc_row_inner equal_height=&#8220;yes&#8220; gap=&#8220;20&#8243; el_class=&#8220;team&#8220;][vc_column_inner el_class=&#8220;noframe&#8220; width=&#8220;1\/2&#8243; css=&#8220;.vc_custom_1619768098045{background-color: #f2f2f2 !important;}&#8220;][vc_column_text]<\/p>\n<h3 class=\"p1\">Dr. med. Irene Paech<\/h3>\n<p class=\"p1\">Fach\u00e4rztin f\u00fcr Humangenetik<\/p>\n<p>[\/vc_column_text][\/vc_column_inner][vc_column_inner el_class=&#8220;noframe&#8220; width=&#8220;1\/2&#8243; css=&#8220;.vc_custom_1619768106387{background-color: #f2f2f2 !important;}&#8220;][vc_column_text]<\/p>\n<h3 class=\"p1\">Dr. med. Constanze Heine<\/h3>\n<p class=\"p1\">Fach\u00e4rztin f\u00fcr Humangenetik<\/p>\n<p>[\/vc_column_text][\/vc_column_inner][\/vc_row_inner][\/vc_column][\/vc_row][vc_row el_class=&#8220;schwerpunkte&#8220; css=&#8220;.vc_custom_1620389358560{padding-top: 15px !important;}&#8220; el_id=&#8220;leistungen&#8220;][vc_column][vc_column_text]<\/p>\n<h2 class=\"p1\" style=\"text-align: center;\">Unsere Leistungen<\/h2>\n<p>[\/vc_column_text][vc_row_inner equal_height=&#8220;yes&#8220; gap=&#8220;20&#8243; el_class=&#8220;team&#8220;][vc_column_inner width=&#8220;1\/2&#8243; css=&#8220;.vc_custom_1618316712780{background-color: #f2f2f2 !important;}&#8220;][vc_column_text]<\/p>\n<h3 class=\"p1\" style=\"text-align: left;\">Genetische Beratung<\/h3>\n<ul>\n<li class=\"p1\"><span class=\"s1\">vor einer Schwangerschaft, wenn eine Erkrankung bei einem potentiellen Elternteil oder einem anderen Familienmitglied vorliegt<\/span><\/li>\n<li class=\"p1\"><span class=\"s1\">bei Fehlbildung oder Entwicklungsst\u00f6rung eines vorangegangenen Kindes zur Diagnostik und Einsch\u00e4tzung des Wiederholungsrisikos und Planung einer m\u00f6glichen vorgeburtlichen Diagnostik<\/span><\/li>\n<li class=\"p1\"><span class=\"s1\">nach Fehlgeburten oder Totgeburten<\/span><\/li>\n<li class=\"p1\"><span class=\"s1\">bei unerf\u00fclltem Kinderwunsch<\/span><\/li>\n<li class=\"p1\"><span class=\"s1\">bei erh\u00f6htem m\u00fctterlichen oder v\u00e4terlichen Alter<\/span><\/li>\n<li class=\"p1\"><span class=\"s1\">bei famili\u00e4ren Krebserkrankungen<br \/>\n<\/span><span class=\"s2 gray\">(Brustkrebs, Darmkrebs)<\/span><\/li>\n<\/ul>\n<p>[\/vc_column_text][\/vc_column_inner][vc_column_inner width=&#8220;1\/2&#8243; css=&#8220;.vc_custom_1617959374676{background-color: #f2f2f2 !important;}&#8220;][vc_column_text]<\/p>\n<ul>\n<li class=\"p1\"><span class=\"s1\">zur Entscheidung der Art des Umfangs einer vorgeburtlichen Untersuchung auch ohne famili\u00e4re Belastung<span class=\"Apple-converted-space\"><br \/>\n<\/span><\/span><span class=\"s2 gray\">(First-Trimester-Screening NIPT (nichtinvasiver pr\u00e4nataler Test), Ultraschallorgandiagnostik, Chorionzottenbiopsie oder Fruchtwasseruntersuchung)<\/span><\/li>\n<li class=\"p2\"><span class=\"s3\">bei auff\u00e4lligen Befunden w\u00e4hrend der Schwangerschaft<br \/>\n<\/span><span class=\"s2 gray\">(erh\u00f6hte Nackentransparenz, auff\u00e4llige Biochemie im First-Trimester-Screening oder NIPT)<\/span><\/li>\n<li class=\"p1\"><span class=\"s1\">bei erh\u00f6htem embryotoxischen oder teratogenen Risiko durch Medikamenteneinnahme oder R\u00f6ntgenstrahlen in der Schwangerschaft<\/span><\/li>\n<li class=\"p1\"><span class=\"s4\">bei Entwicklungsst\u00f6rungen eines Kindes zur Diagnosefindung, um gezielte F\u00f6rderm\u00f6glichkeiten oder eine Therapie auch innerhalb von Studien empfehlen zu k\u00f6nnen<\/span><\/li>\n<li class=\"p1\"><span class=\"s1\">zur Diagnostik von genetisch bedingten muskul\u00e4ren oder neurologischen Erkrankungen<\/span><\/li>\n<\/ul>\n<p>[\/vc_column_text][\/vc_column_inner][\/vc_row_inner][\/vc_column][\/vc_row][vc_row full_width=&#8220;stretch_row&#8220; el_class=&#8220;standort&#8220; css=&#8220;.vc_custom_1620389364137{padding-top: 15px !important;}&#8220; el_id=&#8220;oeffnungszeiten&#8220;][vc_column][vc_column_text]<\/p>\n<h2 class=\"p1\" style=\"text-align: center;\">\u00d6ffnungszeiten<\/h2>\n<p>[\/vc_column_text][vc_row_inner equal_height=&#8220;yes&#8220; gap=&#8220;20&#8243; el_class=&#8220;team&#8220;][vc_column_inner width=&#8220;1\/2&#8243; css=&#8220;.vc_custom_1619764122710{background-color: #f2f2f2 !important;}&#8220;][vc_column_text]<\/p>\n<h3 class=\"p1\"><span class=\"s1\" style=\"color: #333333;\">Praxis f\u00fcr Humangenetik Leipzig<br \/>\nK\u00e4the-Kollwitz-Stra\u00dfe 16-18<br \/>\n04109 Leipzig<\/span><\/h3>\n<p class=\"p3\"><span class=\"s2\">Tel: +49 341 99398491<br \/>\n<\/span><span class=\"s2\">Fax: +49 341 99398492<br \/>\nMail: <a href=\"mailto:praxis-humangenetik@labor-leipzig.de\">praxis-humangenetik@labor-leipzig.de<\/a><\/span><\/p>\n<p class=\"p3\">Sie finden in unmittelbarer N\u00e4he der Praxis die Haltestellen \u201eGottschedstrasse\u201d f\u00fcr die Tram 1 Richtung Lausen. Direkt im Haus der Praxis ist ein Parkhaus (Zufahrt Thomasiusstrasse). Die Praxis ist bequem und barrierefrei mit dem Aufzug zu erreichen.<\/p>\n<p>[\/vc_column_text][vc_btn title=&#8220;Hier geht\u00b4s zur LVB&#8220; shape=&#8220;square&#8220; color=&#8220;default&#8220; align=&#8220;center&#8220; button_block=&#8220;true&#8220; link=&#8220;url:https%3A%2F%2Fwww.l.de%2Fverkehrsbetriebe|target:_blank&#8220;][vc_column_text]<\/p>\n<h3>\u00d6ffnungszeiten<\/h3>\n<p>Montag 8 \u2013 12 Uhr 14 \u2013 17 Uhr<br \/>\nDienstag 8 \u2013 11 Uhr<br \/>\nMittwoch 8 \u2013 12 Uhr<br \/>\nDonnerstag 14 \u2013 17 Uhr<br \/>\nFreitag 8 \u2013 11 Uhr<br \/>\nund nach Vereinbarung<\/p>\n<p>F\u00fcr die genetische Beratung bitten wir um eine Terminvereinbarung, da wir daf\u00fcr auch die entsprechende Zeit f\u00fcr Sie und ggfs. Ihr Kind einplanen. F\u00fcr telefonische Nachfragen und Terminvereinbarungen sind wir von Montag bis Freitag von 8.00 bis 15.00 Uhr bzw. Montag sowie Donnerstag bis 18.00 Uhr erreichbar.<\/p>\n<p>Wenn Sie einen Termin nicht wahrnehmen<br \/>\nk\u00f6nnen, informieren Sie uns bitte rechtzeitig.<\/p>\n<h3>Terminabsprachen unter<\/h3>\n<p>[\/vc_column_text][vc_btn title=&#8220;+49 341 99398-491&#8243; shape=&#8220;square&#8220; color=&#8220;default&#8220; align=&#8220;center&#8220; i_icon_fontawesome=&#8220;fas fa-mobile-alt&#8220; button_block=&#8220;true&#8220; add_icon=&#8220;true&#8220; link=&#8220;url:tel%3A004934199398491|target:_blank|rel:nofollow&#8220;][\/vc_column_inner][vc_column_inner el_class=&#8220;team teamkontakt&#8220; width=&#8220;1\/2&#8243; css=&#8220;.vc_custom_1619764131762{background-color: #f2f2f2 !important;}&#8220;][vc_column_text css=&#8220;&#8220;]<\/p>\n<h3 class=\"p1\"><span style=\"color: #000000;\">Praxis f\u00fcr Humangenetik und Zytogenetisches<\/span><br \/>\n<span style=\"color: #000000;\">Labor Zwickau<\/span><br \/>\n<span style=\"color: #000000;\">Leipziger Stra\u00dfe 176<\/span><br \/>\n<span style=\"color: #000000;\">08058 Zwickau<\/span><\/h3>\n<p>Tel.: +49 375 2811-26<br \/>\nFax: +49 375 2811-10<br \/>\nMail: <a href=\"mailto:praxis-humangenetik@labor-leipzig.de\">praxis-humangenetik@labor-leipzig.de<\/a><\/p>\n<h3>\u00d6ffnungszeiten<\/h3>\n<p>Dienstag 9-11 Uhr und 12- 18 Uhr<br \/>\nFreitag 9-11 Uhr und 12 &#8211; 16 Uhr<br \/>\nund nach Vereinbarung unter 0375\/281126<\/p>\n<h3 class=\"p1\">Termine nach Vereinbarung<\/h3>\n<p class=\"p1\">F\u00fcr die genetische Beratung bitten wir um eine Terminvereinbarung, da wir daf\u00fcr auch die entsprechende Zeit f\u00fcr Sie und ggfs. Ihr Kind einplanen. F\u00fcr telefonische Nachfragen und Terminvereinbarungen sind wir von Montag bis Freitag von 8.00 bis 15.00 Uhr bzw. Montag sowie Donnerstag bis 18.00 Uhr erreichbar.<\/p>\n<p class=\"p1\">Wenn Sie einen Termin nicht wahrnehmen<br \/>\nk\u00f6nnen, informieren Sie uns bitte rechtzeitig.<\/p>\n<p>[\/vc_column_text][vc_btn title=&#8220;+49 375 2811-26&#8243; shape=&#8220;square&#8220; color=&#8220;default&#8220; align=&#8220;center&#8220; i_icon_fontawesome=&#8220;fas fa-mobile-alt&#8220; button_block=&#8220;true&#8220; add_icon=&#8220;true&#8220; link=&#8220;url:tel%3A0049375281126|target:_blank|rel:nofollow&#8220;][\/vc_column_inner][\/vc_row_inner][\/vc_column][\/vc_row][vc_row full_width=&#8220;stretch_row&#8220; disable_element=&#8220;yes&#8220; el_class=&#8220;standort&#8220; css=&#8220;.vc_custom_1620389369908{padding-top: 15px !important;}&#8220; el_id=&#8220;urlaub&#8220;][vc_column][vc_column_text]<\/p>\n<h2 class=\"p1\" style=\"text-align: center;\">Urlaubsvertretung<\/h2>\n<p>[\/vc_column_text][vc_row_inner equal_height=&#8220;yes&#8220; gap=&#8220;20&#8243; el_class=&#8220;team&#8220;][vc_column_inner width=&#8220;1\/2&#8243; css=&#8220;.vc_custom_1619764122710{background-color: #f2f2f2 !important;}&#8220;][vc_column_text]<\/p>\n<h3 class=\"p1\" style=\"text-align: center;\">Praxisurlaub<\/h3>\n<p class=\"p3\" style=\"text-align: center;\">Unsere Praxis befindet sich in der<br \/>\nZeit vom 06. \u2013 09.04.2021 im Urlaub.<\/p>\n<p>[\/vc_column_text][\/vc_column_inner][vc_column_inner el_class=&#8220;team teamkontakt&#8220; width=&#8220;1\/2&#8243; css=&#8220;.vc_custom_1619764131762{background-color: #f2f2f2 !important;}&#8220;][vc_column_text]<\/p>\n<h3 style=\"text-align: center;\">Vertretung vom 06.04. \u2013 08.04.2021<\/h3>\n<p style=\"text-align: center;\">Dr. Koch<br \/>\nEisenbahnstr. 31<\/p>\n<p>[\/vc_column_text][vc_btn title=&#8220;+49 341 6883537&#8243; shape=&#8220;square&#8220; color=&#8220;default&#8220; align=&#8220;center&#8220; i_icon_fontawesome=&#8220;fas fa-mobile-alt&#8220; button_block=&#8220;true&#8220; add_icon=&#8220;true&#8220; link=&#8220;url:tel%3A00493416883537|target:_blank|rel:nofollow&#8220;][\/vc_column_inner][\/vc_row_inner][\/vc_column][\/vc_row][vc_row full_width=&#8220;stretch_row_content_no_spaces&#8220; el_id=&#8220;kontakt&#8220; css=&#8220;.vc_custom_1620389375654{padding-top: 15px !important;}&#8220;][vc_column][vc_raw_html]JTNDaWZyYW1lJTIwc3JjJTNEJTIyaHR0cHMlM0ElMkYlMkZ3d3cuZ29vZ2xlLmNvbSUyRm1hcHMlMkZlbWJlZCUzRnBiJTNEJTIxMW0xOCUyMTFtMTIlMjExbTMlMjExZDYyMy4xMDAwMzkwMzYzMjU5JTIxMmQxMi4zNjU3ODQyODgxNjIzOTMlMjEzZDUxLjM0MDU1MTk5ODcxOTIzNSUyMTJtMyUyMTFmMCUyMTJmMCUyMTNmMCUyMTNtMiUyMTFpMTAyNCUyMTJpNzY4JTIxNGYxMy4xJTIxM20zJTIxMW0yJTIxMXMweDQ3YTZmNzg5ZjRlNTdkYjMlMjUzQTB4N2FiMjg5YTE0MTQ0ZmQ1OCUyMTJzSyUyNUMzJTI1QTR0aGUtS29sbHdpdHotU3RyYSUyNUMzJTI1OUZlJTI1MjAxNiUyNTJDJTI1MjAwNDEwOSUyNTIwTGVpcHppZyUyMTVlMCUyMTNtMiUyMTFzZGUlMjEyc2RlJTIxNHYxNjE4MDU3NjEwNTA2JTIxNW0yJTIxMXNkZSUyMTJzZGUlMjIlMjB3aWR0aCUzRCUyMjEwMCUyNSUyMiUyMGhlaWdodCUzRCUyMjQzMCUyMiUyMHN0eWxlJTNEJTIyYm9yZGVyJTNBMCUzQiUyMiUyMGFsbG93ZnVsbHNjcmVlbiUzRCUyMiUyMiUyMGxvYWRpbmclM0QlMjJsYXp5JTIyJTNFJTNDJTJGaWZyYW1lJTNF[\/vc_raw_html][\/vc_column][\/vc_row]<\/p>\n<\/div>","protected":false},"excerpt":{"rendered":"<p>[vc_row full_width=&#8220;stretch_row_content_no_spaces&#8220; parallax=&#8220;content-moving&#8220; parallax_image=&#8220;99&#8243; parallax_speed_bg=&#8220;2.5&#8243; css=&#8220;.vc_custom_1619772322524{padding-top: 150px !important;padding-bottom: 150px !important;background-position: center;background-repeat: no-repeat !important;background-size: contain !important;}&#8220;][vc_column][\/vc_column][\/vc_row][vc_row el_id=&#8220;praxis&#8220;][vc_column][vc_column_text css=&#8220;&#8220;] Unsere \u00c4rztinnen in Leipzig und Zwickau [\/vc_column_text][vc_row_inner equal_height=&#8220;yes&#8220; gap=&#8220;20&#8243; el_class=&#8220;team&#8220;][vc_column_inner el_class=&#8220;noframe&#8220; width=&#8220;1\/2&#8243; css=&#8220;.vc_custom_1619768098045{background-color: #f2f2f2 !important;}&#8220;][vc_column_text] Dr. med. Irene Paech Fach\u00e4rztin f\u00fcr Humangenetik [\/vc_column_text][\/vc_column_inner][vc_column_inner el_class=&#8220;noframe&#8220; width=&#8220;1\/2&#8243; css=&#8220;.vc_custom_1619768106387{background-color: #f2f2f2 !important;}&#8220;][vc_column_text] Dr. med. Constanze Heine Fach\u00e4rztin f\u00fcr Humangenetik [\/vc_column_text][\/vc_column_inner][\/vc_row_inner][\/vc_column][\/vc_row][vc_row el_class=&#8220;schwerpunkte&#8220; css=&#8220;.vc_custom_1620389358560{padding-top: [&hellip;]<\/p>\n","protected":false},"author":1,"featured_media":0,"parent":0,"menu_order":0,"comment_status":"closed","ping_status":"closed","template":"","meta":{"inline_featured_image":false,"footnotes":""},"class_list":["post-15","page","type-page","status-publish","hentry"],"_links":{"self":[{"href":"https:\/\/www.genetik-praxis.de\/index.php?rest_route=\/wp\/v2\/pages\/15","targetHints":{"allow":["GET"]}}],"collection":[{"href":"https:\/\/www.genetik-praxis.de\/index.php?rest_route=\/wp\/v2\/pages"}],"about":[{"href":"https:\/\/www.genetik-praxis.de\/index.php?rest_route=\/wp\/v2\/types\/page"}],"author":[{"embeddable":true,"href":"https:\/\/www.genetik-praxis.de\/index.php?rest_route=\/wp\/v2\/users\/1"}],"replies":[{"embeddable":true,"href":"https:\/\/www.genetik-praxis.de\/index.php?rest_route=%2Fwp%2Fv2%2Fcomments&post=15"}],"version-history":[{"count":81,"href":"https:\/\/www.genetik-praxis.de\/index.php?rest_route=\/wp\/v2\/pages\/15\/revisions"}],"predecessor-version":[{"id":176,"href":"https:\/\/www.genetik-praxis.de\/index.php?rest_route=\/wp\/v2\/pages\/15\/revisions\/176"}],"wp:attachment":[{"href":"https:\/\/www.genetik-praxis.de\/index.php?rest_route=%2Fwp%2Fv2%2Fmedia&parent=15"}],"curies":[{"name":"wp","href":"https:\/\/api.w.org\/{rel}","templated":true}]}}